-839).
-5
Let u(t) = -22*t - 986. What is u(-40)?
-106
Let z(r) = -2*r**2 + 438*r + 52901. What is z(305)?
441
Let p(j) = 788*j - 105322. Determine p(134).
270
Let b(m) = -m**3 + 165*m**2 + 3696*m + 13. Give b(-20).
93
Let m(j) = 2611*j + 18349. Calculate m(-7).
72
Let a(z) = 64303*z + 1543283. Determine a(-24).
11
Let c(u) = 17*u**2 + 4147*u - 1033. Calculate c(-244).
-789
Let b(u) = 3*u**3 - 372*u**2 + 3379*u - 418995. Give b(124).
1
Let z(v) = 5*v**2 - 807*v + 4029. What is z(5)?
119
Let u(r) = -r**2 - 5989*r - 1941869. What is u(-344)?
11
Let t(f) = 33*f**2 - 100*f - 313. What is t(-6)?
1475
Let m(g) = -1694*g**2 - 18628*g + 22. Give m(-11).
-44
Let b(k) = 1429*k - 13168. What is b(11)?
2551
Let w(b) = 30*b**2 - 903*b + 1671. Determine w(24).
-2721
Let c(x) = -188*x + 38152. What is c(203)?
-12
Let g(m) = -m**3 - 260*m**2 - 280*m - 8108. Calculate g(-259).
-2669
Let y(k) = -3*k**3 - 466*k**2 - 1422*k + 14887. Calculate y(-152).
-9
Let z(d) = 3418*d + 293882. Determine z(-86).
-66
Let a(z) = 13*z**2 + 1406*z - 20208. Calculate a(-121).
-1
Let u(c) = -99*c**2 - 914*c - 1053. Determine u(-8).
-77
Let c(r) = r**3 - 155*r**2 + 135*r + 2929. Give c(154).
3
Let u(w) = w**2 + 279*w + 12632. Give u(-221).
-186
Let y(o) = -16*o**2 - 959*o - 10752. Determine y(-45).
3
Let z(a) = -a**3 + 168*a**2 + 165*a + 559. Determine z(169).
-117
Let w(h) = 5*h**2 + 467*h + 2831. What is w(-6)?
209
Let o(g) = -5643*g + 276531. Calculate o(49).
24
Let s(f) = -230*f - 79753. Determine s(-347).
57
Let o(r) = -1814*r - 9270. What is o(-5)?
-200
Let o(t) = -3*t**3 - 43*t**2 - 48*t + 66. Determine o(-13).
14
Let r(t) = -13*t**3 - 28*t**2 + 17*t + 20. Determine r(-2).
-22
Let i(k) = -13*k + 1200. What is i(83)?
121
Let w(k) = 563*k - 20574. What is w(38)?
820
Let t(m) = -2*m**2 - 483*m - 26562. Calculate t(-157).
-29
Let a(j) = -406*j - 7740. Determine a(-24).
2004
Let b(l) = 2*l**2 - 1750*l + 10501. Give b(6).
73
Let t(n) = n**2 - 5819*n - 29129. What is t(-5)?
-9
Let k(o) = -129*o**2 - 51213*o - 115. What is k(-397)?
-115
Let z(y) = y**3 + 58*y**2 + 959*y + 27906. Give z(-50).
-44
Let y(a) = 1777*a - 17685. What is y(10)?
85
Let b(f) = -8972*f + 906164. Give b(101).
-8
Let y(n) = -1717*n + 107820. Give y(63).
-351
Let l(x) = x**2 + 214*x + 10698. Give l(-133).
-75
Let y(m) = 968*m + 8801. Calculate y(-10).
-879
Let b(m) = 7*m**3 - 11*m**2 - 28*m - 48. Calculate b(-5).
-1058
Let o(i) = -2575*i - 241924. What is o(-94)?
126
Let g(t) = 51*t**2 + 465*t - 2835. Calculate g(6).
1791
Let y(z) = 3252*z - 175591. Calculate y(54).
17
Let j(d) = 1068*d + 37418. Give j(-35).
38
Let n(y) = 2*y**2 - 16414*y - 164339. What is n(-10)?
1
Let w(n) = 44309*n - 219878. Determine w(5).
1667
Let m(a) = a**3 + 41*a**2 - 72*a - 261. What is m(-42)?
999
Let n(k) = 60530*k + 242120. Calculate n(-4).
0
Let k(u) = 8*u**2 + 1122*u - 5558. Calculate k(-145).
-48
Let u(b) = -139*b**2 + 1329*b + 634. What is u(10)?
24
Let c(j) = -1791*j - 348. Determine c(-1).
1443
Let o(w) = w**2 - 34*w - 29080. What is o(-152)?
-808
Let r(w) = -882*w + 31825. Determine r(36).
73
Let o(i) = -i**3 - 5*i**2 + 21*i + 145. Calculate o(-10).
435
Let o(y) = -3*y**2 - 1600*y - 127310. What is o(-436)?
2
Let i(p) = -p**2 + 560*p - 20260. Determine i(39).
59
Let p(q) = -q**3 - 131*q**2 - 3465*q - 162. Give p(-38).
-2784
Let i(z) = 3*z**2 + 564*z + 23420. Give i(-62).
-16
Let t(h) = 302218*h - 24781877. Give t(82).
-1
Let q(y) = 316445*y - 1898664. What is q(6)?
6
Let h(w) = 3*w**3 - 2*w**2 - 16*w - 11. Calculate h(-2).
-11
Let t(z) = -72*z**2 + 6833*z - 6134. Give t(94).
-24
Let a(r) = -7*r - 804. Give a(-100).
-104
Let o(s) = 2895*s - 41445. Calculate o(14).
-915
Let u(q) = -7*q**2 - 5097*q + 24904. What is u(-733)?
-18
Let y(b) = 1730*b - 216486. Calculate y(125).
-236
Let d(x) = 316*x - 30924. Give d(98).
44
Let j(v) = -18599*v + 2696827. Determine j(145).
-28
Let b(i) = -i**2 + 101*i - 454. Calculate b(100).
-354
Let r(k) = -770732*k - 3853669. Calculate r(-5).
-9
Let r(n) = 266*n**3 + 1862*n**2 - n - 1. Determine r(-7).
6
Let m(j) = 2*j**3 + 7*j**2 - 34*j + 36. Give m(3).
51
Let z(i) = -50*i**2 - 4727*i + 1740. Give z(-95).
-445
Let p(k) = 8910*k - 1318698. Calculate p(148).
-18
Let g(l) = -112*l - 7765. Give g(-59).
-1157
Let v(k) = k**3 - 21*k**2 - 432*k + 1095. What is v(33)?
-93
Let r(m) = m**3 - 235*m**2 - 28434*m - 842. Give r(-88).
38
Let u(m) = 7959*m - 16043. Give u(2).
-125
Let j(t) = -6*t**2 + 263*t - 1034. Calculate j(31).
1353
Let f(b) = 179*b**2 - 3407*b + 123. What is f(19)?
9
Let y(n) = -3*n**2 - 821*n - 53202. Determine y(-105).
-72
Let a(m) = -4*m**3 + 253*m**2 - 46*m + 151. Calculate a(63).
1222
Let g(s) = -93*s**2 + 3587*s + 1643. Determine g(39).
83
Let j(k) = 72074*k - 216344. Give j(3).
-122
Let i(m) = 2*m**3 - 203*m**2 - 48*m - 214. What is i(0)?
-214
Let d(u) = -11*u**3 - 127*u**2 + 6077*u - 59. Calculate d(-30).
331
Let x(k) = -1237*k + 37146. Calculate x(30).
36
Let l(w) = -20*w**2 + 837*w + 2650. What is l(45)?
-185
Let g(a) = a**3 - 405*a**2 + 17643*a + 37965. What is g(355)?
-20
Let u(x) = 9552*x - 333976. Calculate u(35).
344
Let o(p) = -p**3 + 380*p**2 + 3*p - 1630. Give o(380).
-490
Let o(p) = -29*p**2 + 1091*p - 5343. What is o(5)?
-613
Let p(x) = 1648*x + 49439. Determine p(-30).
-1
Let z(n) = 16*n**2 + 343*n + 532. Calculate z(-20).
72
Let q(o) = 40*o + 1154. Determine q(-40).
-446
Let k(q) = -269*q + 2489. Give k(4).
1413
Let x(c) = c**2 + 217*c - 979243. What is x(-1104)?
5
Let u(c) = -2*c**2 + 20*c + 463. What is u(22)?
-65
Let i(m) = -72*m**3 + 8926*m**2 + 253*m - 628. What is i(124)?
-8
Let r(c) = -4*c**2 + 104*c - 130. Calculate r(22).
222
Let o(k) = -888*k**2 + 3649*k - 398. Calculate o(4).
-10
Let n(c) = 29697*c + 148463. Give n(-5).
-22
Let w(a) = -485*a - 5937. What is w(-11)?
-602
Let k(i) = 602*i - 1383. Calculate k(2).
-179
Let w(s) = 2*s**2 - 585446*s + 1756330. What is w(3)?
10
Let s(o) = 7*o**3 + 47*o**2 + 58*o + 23. What is s(-3)?
83
Let c(k) = 2*k**3 - 144*k**2 + 13*k - 409. Determine c(72).
527
Let c(r) = 2*r**2 + 477*r + 462. Determine c(0).
462
Let q(t) = -274*t - 73134. Determine q(-267).
24
Let k(m) = 584*m - 143940. Determine k(246).
-276
Let q(p) = -20*p**2 - 455*p + 22466. What is q(24)?
26
Let b(u) = -5521*u + 38701. What is b(7)?
54
Let b(f) = 69180*f + 69143. Determine b(-1).
-37
Let j(x) = -539398*x - 2696988. What is j(-5)?
2
Let y(o) = 532*o**2 + 1758*o - 1774. Give y(1).
516
Let o(g) = g**3 - 240*g**2 + 329*g - 21470. Calculate o(239).
40
Let q(k) = -2*k**2 - 262*k - 2907. What is q(-106)?
2393
Let q(r) = 153*r - 1006. What is q(9)?
371
Let x(b) = 4548*b + 40978. Determine x(-9).
46
Let p(s) = s**2 - 194263*s + 2330982. What is p(12)?
-30
Let u(y) = 2*y**2 - 19*y - 530956. Calculate u(520).
-36
Let z(b) = -1162*b + 35263. Give z(28).
2727
Let s(m) = -m**3 + 5*m**2 + 233*m - 1673. Give s(8).
-1
Let q(p) = 3*p**2 + 192*p + 2916. Determine q(-25).
-9
Let m(q) = -q**3 - 28*q**2 - 154*q + 117. What is m(-20)?
-3
Let d(y) = -185*y + 52. Calculate d(0).
52
Let f(w) = 1177*w + 14069. What is f(-12)?
-55
Let o(r) = -252*r + 25156. What is o(101)?
-296
Let q(h) = h**3 - 534*h + 120. Give q(23).
5
Let y(h) = 3949*h - 14536. Give y(4).
1260
Let v(s) = 35*s**3 + 5844*s**2 - 161*s - 520. Calculate v(-167).
-1522
Let r(n) = n**3 + 229*n**2 - 4000*n + 110167. Determine r(-247).
5
Let m(b) = 61*b - 156. Give m(29).
1613
Let v(c) = c**2 - 1630333*c + 7. Determine v(0).
7
Let k(y) = y**2 + 648774*y + 1946309. Calculate k(-3).
-4
Let q(v) = -3*v**3 + 23*v**2 - 25*v + 268. Give q(10).
-682
Let w(s) = -14*s**2 + 891*s + 281. Determine w(64).
-39
Let j(k) = k**2 - 806*k - 26816. Give j(-32).
0
Let v(j) = 109546*j + 985908. Calculate v(-9).
-6
Let s(y) = 11668*y - 5810671. Give s(498).
-7
Let c(t) = 11*t**2 - 2129*t + 26805. Determine c(180).
-15
Let j(b) = b**3 + 14*b**2 - 2419*b - 31694. Calculate j(-13).
-78
Let p(w) = -73*w**2 - 352*w - 348. What is p(-1)?
-69
Let j(o) = -6*o**2 + 10*o + 9329. Calculate j(40).
129
Let a(p) = 13106*p - 91802. Give a(7).
-60
Let m(q) = 25974*q + 51917. Calculate m(-2).
-31
Let p(a) = 38*a**2 + 14797*a - 151776. What is p(10)?
-6
Let r(n) = -881*n**2 - 2832*n - 2. Give r(-3).
565
Let k(g) = 5096*g - 1029362. What is k(202)?
30
Let t(c) 